base 5?
-2401411
-1015 (base 9) to base 16
-2e7
Convert 1c7 (base 13) to base 15.
172
-11830 (base 9) to base 16
-1f1d
Convert -7229 (base 13) to base 12.
-9148
What is -1430423 (base 5) in base 3?
-1112022022
What is -2310231 (base 4) in base 16?
-2d2d
What is -165 (base 11) in base 8?
-300
Convert -42d (base 14) to base 7.
-2256
Convert -1537 (base 11) to base 12.
-1188
What is 132143 (base 5) in base 4?
1102302
Convert 110004 (base 5) to base 3.
12011001
-352354 (base 6) to base 14
-b102
Convert 36326 (base 7) to base 4.
2103110
What is -41322 (base 7) in base 3?
-111212110
What is 7529 (base 11) in base 8?
23341
87ef (base 16) to base 3
1202201212
Convert 16 (base 14) to base 13.
17
Convert -2b28 (base 12) to base 6.
-35252
-327a (base 15) to base 16
-29c2
What is -315305 (base 6) in base 12?
-12b35
Convert -41446 (base 8) to base 13.
-7a94
What is -268 (base 9) in base 10?
-224
-170 (base 10) to base 3
-20022
1571 (base 10) to base 15
6eb
-12002201 (base 3) to base 12
-219a
What is -106656 (base 8) in base 12?
-18ba6
-175 (base 13) to base 7
-526
Convert a6c7 (base 14) to base 16.
7077
Convert 7043 (base 9) to base 4.
1100112
-1024 (base 7) to base 2
-101101001
What is -12150 (base 8) in base 10?
-5224
39a (base 16) to base 5
12142
Convert -11271 (base 8) to base 5.
-123133
Convert -54254 (base 6) to base 8.
-16432
What is -12401 (base 10) in base 13?
-584c
Convert -656 (base 9) to base 10.
-537
Convert 1020530 (base 6) to base 10.
49446
What is 1210 (base 4) in base 12?
84
Convert 110011111011110 (base 2) to base 10.
26590
What is 9b3 (base 13) in base 6?
11415
Convert 67 (base 15) to base 16.
61
What is -11323 (base 11) in base 7?
-65461
-b8 (base 12) to base 3
-12012
Convert -1c45 (base 15) to base 5.
-144030
Convert -102443 (base 6) to base 7.
-33300
459 (base 14) to base 8
1537
Convert -214 (base 16) to base 6.
-2244
What is 1101030 (base 4) in base 8?
12114
What is -1a5f (base 16) in base 3?
-100021001
What is 110222 (base 3) in base 8?
536
Convert 462 (base 11) to base 15.
26c
What is -22142 (base 12) in base 7?
-245360
What is 855 (base 12) in base 3?
1200002
What is -100100010 (base 2) in base 13?
-194
Convert -29 (base 14) to base 9.
-41
-275a (base 12) to base 8
-10666
What is 8082 (base 10) in base 16?
1f92
What is -4848 (base 11) in base 12?
-3808
What is -2714 (base 12) in base 6?
-32424
What is 4dc5 (base 15) in base 8?
40342
-1d8 (base 16) to base 5
-3342
Convert 1412 (base 16) to base 14.
1c30
-135451 (base 6) to base 12
-7587
320031 (base 4) to base 16
e0d
Convert -1563 (base 14) to base 16.
-ee3
What is -110110111010000 (base 2) in base 11?
-1a137
Convert -400e (base 15) to base 14.
-4cd4
What is -13221 (base 4) in base 6?
-2133
-23 (base 15) to base 2
-100001
Convert 34888 (base 9) to base 8.
55437
What is 27d9 (base 14) in base 9?
10604
What is -111111011 (base 2) in base 10?
-507
What is -1199d (base 15) in base 13?
-1c750
What is 1695 (base 11) in base 3?
2222001
What is 44033 (base 5) in base 3?
11010210
Convert 412 (base 9) to base 16.
14f
Convert -292 (base 16) to base 6.
-3014
1011 (base 6) to base 5
1343
Convert 3043 (base 6) to base 3.
221000
60445 (base 8) to base 2
110000100100101
-3110 (base 5) to base 12
-299
1041423 (base 5) to base 9
27163
Convert -4504 (base 10) to base 11.
-3425
Convert -1a5 (base 16) to base 2.
-110100101
Convert 1210010 (base 3) to base 2.
10100010011
What is 121220 (base 3) in base 9?
556
Convert 725 (base 11) to base 5.
11444
-5212 (base 6) to base 3
-1120222
What is 7214 (base 8) in base 16?
e8c
What is 2102112 (base 3) in base 6?
12105
54242 (base 6) to base 5
214232
-2042 (base 5) to base 10
-272
-4311 (base 13) to base 14
-356d
What is -1c9 (base 14) in base 13?
-229
What is 6581 (base 9) in base 15?
1687
-13242 (base 5) to base 14
-568
-20873 (base 10) to base 16
-5189
1c2 (base 16) to base 2
111000010
Convert 233 (base 5) to base 16.
44
What is 721 (base 9) in base 6?
2414
What is -13420 (base 5) in base 2?
-10001010110
What is -224 (base 5) in base 11?
-59
36b (base 15) to base 13
479
2012 (base 7) to base 8
1267
Convert 2783 (base 9) to base 7.
6060
Convert -241a0 (base 11) to base 2.
-1000100000010101
Convert 131021 (base 4) to base 7.
5303
Convert 1007 (base 8) to base 9.
636
What is -11341 (base 6) in base 16?
-66d
111110110010000 (base 2) to base 3
1122002112
What is -44 (base 16) in base 6?
-152
-315425 (base 6) to base 2
-110010100001001
Convert -11011101001 (base 2) to base 16.
-6e9
Convert 105431 (base 6) to base 4.
2030323
What is -1300030 (base 4) in base 13?
-3364
What is -30 (base 5) in base 9?
-16
What is a4a (base 14) in base 5?
31101
Convert 8342 (base 9) to base 3.
22101102
What is 34521 (base 6) in base 9?
6704
1033012 (base 4) to base 7
20521
5dbe (base 15) to base 6
232255
-918 (base 12) to base 14
-6a0
What is -1110111111101000 (base 2) in base 14?
-1854c
What is -5541 (base 6) in base 11?
-a69
Convert 2766 (base 11) to base 2.
110111111101
What is 23326 (base 10) in base 7?
125002
-11110111001100 (base 2) to base 3
-210200221
What is -3001 (base 4) in base 7?
-364
347 (base 16) to base 7
2306
What is 6307 (base 8) in base 3?
11111011
Convert 30412 (base 5) to base 4.
132332
Convert -1505d (base 14) to base 8.
-145773
What is -bd8 (base 14) in base 15?
-a66
What is -19a43 (base 11) in base 6?
-333021
What is 3404 (base 6) in base 15?
381
What is -1c2 (base 13) in base 10?
-327
Convert -310023 (base 4) to base 3.
-11120200
-1000010111000 (base 2) to base 6
-31452
204635 (base 7) to base 9
53378
What is -30515 (base 7) in base 13?
-351b
What is -271 (base 8) in base 13?
-113
895 (base 15) to base 3
2122212
What is 32912 (base 11) in base 9?
72365
10110111110 (base 2) to base 8
2676
Convert 1183 (base 10) to base 11.
986
What is 10102120121 (base 3) in base 11?
46784
403 (base 13) to base 15
304
Convert 1b07 (base 12) to base 6.
23211
What is 1000 (base 3) in base 15?
1c
What is -11104 (base 5) in base 2?
-1100001011
What is 2434 (base 7) in base 16?
38b
What is -416 (base 7) in base 5?
-1314
Convert -12521 (base 6) to base 14.
-9b3
Convert -2152 (base 7) to base 8.
-1404
Convert 2827 (base 13) to base 8.
13223
-2404 (base 6) to base 10
-580
Convert 1087 (base 13) to base 5.
33213
What is 207 (base 8) in base 2?
10000111
What is -2245 (base 9) in base 14?
-869
What is 3a187 (base 11) in base 7?
326330
What is -a830 (base 11) in base 6?
-150131
What is 17c (base 15) in base 16?
156
Convert a8 (base 14) to base 4.
2110
Convert df (base 16) to base 8.
337
-1262 (base 8) to base 4
-22302
4080 (base 13) to base 7
34632
-1337 (base 9) to base 4
-33232
-1422 (base 6) to base 15
-19e
b84 (base 15) to base 13
124c
Convert 100221200 (base 3) to base 16.
1c56
abaa (base 12) to base 4
10220302
Convert 2044 (base 11) to base 4.
222112
What is 514 (base 14) in base 4?
33212
514 (base 7) to base 16
100
What is 2233220 (base 4) in base 5?
324430
What is 18564 (base 13) in base 5?
3001224
What is 1277 (base 8) in base 7?
2023
1001001000010001 (base 2) to base 3
1220021221
What is -2051 (base 6) in base 12?
-327
Convert -102120 (base 3) to base 11.
-264
102001 (base 3) to base 11
251
What is 4612 (base 7) in base 6?
11431
-114021 (base 5) to base 7
-15265
-455 (base 6) to base 13
-10a
102252 (base 8) to base 16
84aa
Convert -49c (base 15) to base 4.
-100113
Convert 302555 (base 7) to base 8.
144300
-2320 (base 8) to base 16
-4d0
Convert -12122222 (base 3) to base 9.
-5588
Convert -100202100 (base 3) to base 16.
-1bc6
Convert 655 (base 15) to base 9.
1858
Convert 230255 (base 6) to base 2.
100110001011011
-201202 (base 3) to base 4
-20111
-101101 (base 3) to base 16
-118
Convert 454 (base 6) to base 10.
178
Convert 1133 (base 5) to base 9.
206
Convert 2032 (base 15) to base 5.
204142
What is -9b (base 16) in base 11?
-131
Convert -1002 (base 5) to base 6.
-331
Convert -1051 (base 14) to base 8.
-5377
-8b4 (base 14) to base 7
-5014
Convert -23 (base 8) to base 2.
-10011
Convert -123112 (base 4) to base 2.
-11011010110
What is 3004030 (base 5) in base 10?
47390
What is 3016 (base 7) in base 16?
412
121221000 (base 3) to base 7
50655
Convert -130 (base 5) to base 7.
-55
What is 11001010 (base 2) in base 5?
1302
What is -1041 (base 8) in base 4?
-20201
Convert 132311 (base 4